2 + -1 + 36)
-27
Calculate -33 + (-55 - -72) + 32.
16
Evaluate -65 + 28 + 31 - 24.
-30
Evaluate -4 + (-4 - ((-9 - (1 + -13)) + 12)).
-23
Calculate 28 - (20 - (17 - 73) - 23).
-25
Calculate 2652 + -2672 + 1 + 56 + -3.
34
What is the value of (27 + -24 - 29 - -31) + (-1 + 32 - 2)?
34
What is 1 + 14 + (6 - 10 - (14 + 9))?
-12
What is 16 + 12 - 131 - -25 - -5?
-73
What is 12 - -7 - ((-5 - 32) + -2)?
58
(3 - 6) + (1 - -1) + (43 - 13 - -13)
42
(-22 + (4 - 1) - 4) + (23 - 16) + 6
-10
What is the value of (10 - (-15 + 0 - -5)) + -4?
16
Calculate 23 - (-23 - -31) - -7.
22
Calculate (-1 - -6 - (-43 - -39 - 4)) + -43.
-30
What is the value of (65 - ((-38 - -1) + 11)) + -21?
70
Evaluate (-1123 - -1109) + (-10 - 1).
-25
99 - 9 - 3 - (-6 + 1 + 16 + -20)
96
What is -6 + 3 + 26 - (188 - 169)?
4
Evaluate 93 + -2 + 31 + 31 + -63 + -18.
72
593 - 591 - (3 - (28 + -2))
25
What is the value of -16 - (-6 - 0) - (322 - 319)?
-13
What is the value of 9 + -3 + -2 + -1 + 17 + -99?
-79
What is the value of 21 - (-22 + 32 + 27 + -11)?
-5
Calculate 28 + (4 - -73) + -79.
26
-1 + -2 + 56 + -8217 + 8216
52
Evaluate (-33 - (18 - 28)) + (43 - -5).
25
-57 + 36 + -3 + 28 + -94
-90
Evaluate 21 - (-23 + 334 + -148).
-142
Calculate 10 + 0 + -14 - (206 - 193).
-17
What is the value of -64 - -2 - (4303 + -4335)?
-30
Evaluate -49 + (-1 - -1 - 7) + (-140 - -151).
-45
Evaluate (27 - 56) + (-21 - -142).
92
What is (4 - (0 + 1 - 4)) + -7 + (-23 - -38)?
15
Evaluate 11 + (87 - 94 - (-5 - 68 - 6)).
83
What is the value of 2 + (33 - (0 + -1) - (-1244 + 1255)) + 4?
29
Evaluate -256 + 40 - (-212 - -126).
-130
What is the value of -3589 + 3480 - (-12 + -3)?
-94
(-37 - (39 - 79)) + -13 + -1 + -109
-120
Evaluate 550 - 597 - (3 - 17).
-33
59 + -4 + (8 - -10) + -35
38
Calculate -6 - 12 - -16 - 7 - -40.
31
Calculate -70 + -50 + 121 - 24.
-23
What is the value of 690 + -664 + -20 + -1?
5
What is 166 - 184 - ((20 - -2) + 2)?
-42
4 - (9 + 5) - (-78 + 6 + -3 + 5)
60
Evaluate (6 - 1) + (-112 - (-115 - -8)).
0
Calculate 9 + (19 - (8 + 16 - 13)) + 0.
17
What is the value of -23 + 3 + -20 + 40 + 6?
6
Evaluate 133 - (-5 - (69 + -60 - (12 + (-5 - -3)))).
137
What is the value of -21 - (-23 - (26 - 98)) - (3 + 0 + -4)?
-69
54 + -24 + (-1 + -6 + 15 - 4)
34
88 - 179 - (10 + 2) - -13 - -10
-80
Calculate -10 + -18 + (3 - 0) + -21.
-46
What is 1 + 0 - (-31 + 6 + 20 - 3)?
9
Evaluate -7 + (20 - (-17 + 29) - 5) + 133.
129
What is 7 + -44 + 64 + 28?
55
Evaluate -71 - (-25 + (-8 - (-27 + 14))).
-51
Calculate 18 + -12 + -8 + (-3 - 2) + 4 + -38.
-41
What is 15 + -1 - (-8553 - -8518)?
49
Calculate -23 - (-14 - 5) - ((28 - 3) + 2 + -2).
-29
What is the value of (-6 + 23 - -2) + (8 + -1 - 15)?
11
Calculate (-511 - -487) + -4 + (102 - -3).
77
What is the value of (9 - -1) + (0 - -9) + (-4 - -6) + 50?
71
What is 2 - 99 - -50 - -36?
-11
5 - 0 - (-31 + 10) - (-1 + -5)
32
Evaluate 17 + 11 + -18 - (-9 + 38).
-19
Calculate (-59 - -38) + 82 + (-2 - 7) + -1.
51
What is 5 + -16 + 11 + (5 - 1) + -27 + -5?
-28
6 - -2 - -1 - (7 + 23 + -14) - -75
68
-50 - (-29 - (-25 + 17)) - -77
48
Calculate (-122 - -74) + 140 + (1 - (0 + 10)).
83
17 - 17 - ((3 - 1) + -43 + 9 + 1)
31
(-119 - -2) + -3771 + 3956
68
Evaluate 92 + (-32 - -26 - -17) + -24.
79
What is the value of (1 + -2 - -13) + -7 + -61 + 11?
-45
What is 219 + -241 - (-107 - -8)?
77
Evaluate -1 + (2 - 8) + -25 - 59.
-91
Evaluate -51 + (19 - 29) + 11 - (1 - (1 - -2)).
-48
What is the value of 0 + 46 - (7 + 0 + -393 + 394)?
38
Evaluate (66 - (32 - 73 - -15)) + -3 + -3.
86
253 - 254 - (-35 - 3)
37
Calculate 29 + -95 + 26 + 1.
-39
Evaluate (-64 - 14) + 93 + -21 + 1.
-5
What is -98 - (-110 + 95) - -95?
12
292 + -301 + (0 - -3 - -5)
-1
What is the value of (12 - (16 + -10) - (-38 - -2)) + (-195 - -203)?
50
Evaluate -130 - -6 - ((-5 - -21) + -18 + 5).
-127
What is -13 + (25 - (19 - (20 - 18)))?
-5
What is the value of (-8 - (-1 + 4)) + 33 + -40?
-18
What is the value of (72 - 77) + 15 + -19 + 1 + 7 + 104?
103
Calculate (-4 - (-4 - 22) - 17) + -35.
-30
-19 + 76 + -3 + (-10 + 9 - 1) + -1
51
What is the value of 1 - 28 - (-117 + -28 + 91)?
27
What is the value of -14 + 1 - (-13724 - -13774)?
-63
What is the value of 25 + -33 + (4 - -18) - 33?
-19
Calculate -9 + -13 + 5 + -2 + -18.
-37
Calculate 13 - (50 + -28 - (71 - -2)).
64
What is the value of (16 + 13 + -20 - 6) + (-5 - (-129 - -4))?
123
Evaluate (21 + -12 - -5) + (-1 - 16) - -5 - 60.
-58
(14 - (10 + 9)) + -4 - (-40 - 2) - -8
41
Calculate 231 + -169 + -87 - (-2 + (13 - -3) + -1).
-38
-12 + -2 + -3 + 9 + (59 - (-27 - -14))
64
Evaluate (-1850 - -1838) + (2 - (2 + 1)).
-13
Calculate (-10 - (-37 + 81)) + 50 + 0 + 105.
101
3 - (-121 + 172 + 2 + -22)
-28
What is the value of (-1 - -8) + (152 - 151 - (-3 + 11))?
0
Calculate 13 + -3 - (-54 + 6 + -45 + 51).
52
What is -23 + 28 + 27 + -14?
18
Evaluate 31 + (2 - 2 - ((-5 - 0) + (9 - 9))).
36
Calculate (-52 + 41 - 28) + -10.
-49
Calculate -22 + 79 + -32 + -5.
20
Evaluate 1 + ((28 - 8) + -1 - 29).
-9
What is -11 + 74 - (7 + (0 - 15))?
71
Evaluate -21 + (-95 + 11 - -37).
-68
Evaluate 3 - -19 - (83 - (50 - -88)).
77
-2 - -1 - (-2305 + 2332 - (-1 + 1 + -77))
-105
Calculate -52 - (7 + (26 - 44 - (9 - 17))).
-49
What is the value of (-7 - (3 + -2)) + (-15187 - -15168)?
-27
What is -24 + 15 + 19 + 38 + (-7 - -12)?
53
What is 28 + 10 + (-19 - (-29 - 9))?
57
Calculate 146 - (-56 - (-181 - 139)).
-118
Evaluate -51 - (53 - 6 - 52).
-46
What is the value of -84 + -78 + (85 - -46)?
-31
What is the value of -12 + -1 + (0 + -3 - (68 + (-127 - -44)))?
-1
Calculate (3 - -16) + -449 + 465.
35
What is the value of -34 + -15 + (-21 - (13 + -47))?
-36
What is the value of -28 + 16 + 3 + -6 + 9?
-6
Evaluate 0 - (-11 + (-102 - -83)).
30
Evaluate 65 + 12 + -135 - -68.
10
What is (103 + -44 - 63) + 64?
60
157 + 142 + -61 + -312
-74
Calculate 19 - (87 - (-21 - -38)).
-51
Evaluate -7 - (12 + 2 + -16 + -67).
62
Calculate 19 + (58 - 1) + -43.
33
Calculate (-1 - 2) + -114 + (45 - -86) + -56 + 0.
-42
(3 - 2) + (-11 - (0 - (-5 + 68)) - -3)
56
(-94 - (-25 - -6)) + 25 + -14 + (0 - 2)
-66
What is the value of -8 - -1 - 45 - -37 - -100?
85
What is 22 + 1 + (-53 - -38) + (-65 - -2)?
-55
-64 + 37 - (-26 - -11)
-12
What is the value of 63 + -20 + -45 - (-20 - -2)?
16
-69 - (0 + (6 - (-34 + 17)))
-92
Evaluate (29 - -84 - 3 - 23) + 17.
104
Evaluate 16 + 1 + (-4 - (17 - (30 + -9))).
17
Calculate 95 + 89 + -131 + 44.
97
Calculate 46 - (109 + 81) - -114.
-30
Evaluate 5 + 2 + -4 - (-7 + (9 + -10 - -50)).
-39
-35 + 50 + 50 + -1 + -16 + -9
39
(-106 - -94 - (2 + 6 - 0 - 32)) + 66
78
66 - (2 + -3) - (97 + -142 - -23)
89
What is 3 - 5 - ((-39 + 23 - -59) + -144)?
99
What is the value of -51 + (-75 - -60) + 81?
15
What is the value of -4 + 1 + 5 - (-3 + 13)?
-8
What is -110 + (49 - (31 + 43) - (-16 + 2 + 1))?
-122
What is the value of 88 + -150 + 231 + -120?
49
Evaluate 57 + (-8 - 16 - -10) + -14 + 2.
31
What is -83 - (9 - -5 - 25) - (-10 + 8 - -6)?
-76
Evaluate (-1 - -103 - -48) + -119.
31
What is the value of 3 - (-21 - ((-8 - (-15 - -12)) + 22 + -10))?
31
What is the value of 63 - ((-20 - (-20 + 1 - 16)) + (-4 - 8))?
60
What is the value of (1 - 1) + (-14 - (127 - 9))?
-132
What is the value of -64 - (24 + -47 - 6)?
-35
-21 + (7 - (-5 - -20)) + 31
2
Calculate (3 - (-3 + 5)) + 9 + (1 - -26 - 24).
13
Calculate 1 + -20 - (13 + -21 + -44).
33
-66 - (-42 + -23 - -39)
-40
12 - (26 + 22) - -88
52
What is -104 + 131 - (-1 + 33)?
-5
What is the value of (21 - (-7 - (-9 + -8))) + (2 - 56) + 1?
-42
Evaluate 0 + 0 - (78 + -117).
39
Evaluate 746 - 799 - (27 + 0).
-80
What is the value of 9397 + -9421 - (-144 - (2 + -3))?
119
What is the value of (172 - 229) + -13 + 59?
-11
Evaluate (23 - (4 + 26)) + (-10 - 13).
-30
(306 + -304 - (-2 + 0) - (0 + 21)) + 2
-15
Evaluate 24 - (63 - (-35 + -13)).
-87
What is the value of 852 + -697 + (-257 - 0)?
-102
(0 - -19 - (-63 + (105 - 46))) + 68
91
-3 + 59 + -9 - ((-1 - 5) + 6 - -4)
43
Calculate (5 - (-4 - 6)) + -8 - 1 - 19 - -4.
-9
What is the value of -150 - ((-17 - -40) + 26 + -71)?
-128
What is -69 - (-175 + (-93 - -175))?
24
Evaluate -57 + (-33 + 36 - -15).
-39
Evaluate (42 - -11) + -30 - 6 - -2.
19
What is the value of -39 + (-105 - -59) + 11?
-74
What is the value of (-3 + -73 - 2) + (49 - (-57 + 98))?
-70
45 + (27 - 82) - 